6
Let q(i) be the first derivative of 0*i**2 + 9 - 4/3*i**3 + 2*i + 1/4*i**4. Give q(3).
-7
Let f(m) = -m**3 - 3*m**2 + 5*m + 2. Let s = -114 + 111. What is f(s)?
-13
Let b(i) = i. Let j(q) = -2*q + 7. Let w(n) = 3*b(n) + j(n). What is w(-6)?
1
Let t be 0/(1/(4/4)). Let h(m) = m - 13. Determine h(t).
-13
Let o be (-2)/((0 - -2)*-1). Let m(g) = g - 2. Let b be m(5). Let c(j) = 2*j**2 + j - j**2 + 0*j - j**b - 1. What is c(o)?
0
Let i be (2 + (-2)/1)/(-1). Let f(o) = -1 + 5 - o + i*o. Suppose 2*n = 3*n - 4. Give f(n).
0
Let p(o) = 5*o**3 + 6*o**2 - 2*o - 3. Let h(n) = -6*n**3 - 7*n**2 + 2*n + 3. Let c(b) = -4*h(b) - 5*p(b). Give c(-2).
-1
Let r(k) = -5*k - 5. Let a(v) = 14*v + 14. Let x(g) = 4*a(g) + 11*r(g). Determine x(-3).
-2
Let c be (-1*36)/(-3)*-1. Let s be (1/2)/((-2)/c). Let b be ((-4)/(-2) - s)*4. Let k(z) = z**2 + 6*z + 2. Determine k(b).
-6
Suppose -5*l = b - 15, 4*l + 2*b - 5 = 1. Suppose -3*n + 4*x = -l - 9, 5*n + 4*x - 11 = 0. Let s(z) = -3*z + z + n*z. What is s(3)?
3
Let p(h) = -h**3 + 9*h**2 - 7*h - 1. Suppose 31 = -5*c + 71. Determine p(c).
7
Let b(m) = 3*m**2 + 3*m. Let f(k) = k**2 + 6*k - 2. Let l be f(-6). Give b(l).
6
Let c be 0/((-9)/(-3)) - -24. Suppose 5*v = -v + c. Let q(n) = -3*n + 6. Determine q(v).
-6
Suppose -5*t - 5 - 10 = 2*h, 0 = -5*h + 5*t + 15. Suppose -5 = c - h*c. Let m(w) = -4 - 3 - w**2 - 7*w + 0*w. Determine m(c).
3
Let j(s) = -2*s**2 - s**2 + 2*s**2. Determine j(-2).
-4
Let j(r) = -13*r**2 - 21*r + 11. Let f be 1*12/(-2) + 0. Let a(t) = -7*t**2 - 11*t + 6. Let u(z) = f*j(z) + 11*a(z). Give u(-4).
-4
Let b = -11 - -9. Let p be b/(-7) - (-15)/21. Let z(f) = 2*f**2 - f. What is z(p)?
1
Let o(n) = -9*n**3 + n**2 + n - 1. Suppose 0 = 2*u + 4 - 6. Let m be 0/(1 + 1 + 0). Let g = m + u. Calculate o(g).
-8
Let x(r) be the third derivative of r**4/24 - r**2. What is x(2)?
2
Suppose 2*l = -4, 3*l = 4*k + 8*l + 22. Let c(h) be the second derivative of h**5/20 + h**4/4 - h**3/3 - 3*h**2/2 - 2*h. Calculate c(k).
3
Let i(q) = -q**3 - 4*q**2 + q + 3. Let s be ((-8)/(-10))/((-4)/20). Let z be i(s). Let c(h) = -h**3 + 1. Give c(z).
2
Suppose -c = -0*c + 2. Let g be -2 - ((c - -2) + 1). Let p(d) = 2*d - 5. Let k(l) = -3*l + 10. Let t(i) = g*k(i) - 5*p(i). Calculate t(-5).
0
Let u(f) = -f**3 - 4*f**2 - 2*f - 1. Let z = 28 + -31. Determine u(z).
-4
Let j = -27 + 28. Let o(n) = -5*n - 1. What is o(j)?
-6
Let k = -23 - -38. Let b be ((-8)/20)/(1/k). Let p(g) = g**3 + 6*g**2 - 6. Determine p(b).
-6
Let x(t) = -5*t**3 - 3*t + 6. Let w be (6/9)/((-4)/(-18)). Let p(f) = 3*f + 4*f**3 - 5 + 0 - 6*f**2 + 5*f**2. Let g(m) = w*x(m) + 4*p(m). Give g(4).
10
Let y = -80 - -87. Let d(i) = 2*i - 4. Determine d(y).
10
Let d be (2/(-3))/(2/3). Let y(h) be the first derivative of h**6/40 - h**5/60 + 3*h**2/2 - 2. Let j(r) be the second derivative of y(r). Calculate j(d).
-4
Let r = 13 + -13. Let f(o) = o - 3. Give f(r).
-3
Let n(j) = 8*j + 19. Let q be n(-3). Let m(p) = -p**3 - 6*p**2 - 5*p - 6. What is m(q)?
-6
Let l = 80 + -78. Let j(f) = -3*f**3 + 2*f**3 + 1 - 3*f**2 + 8*f**2 - 3*f. What is j(l)?
7
Let k(y) = -y - 1. Let d(r) = -r**2 + 5*r + 4. Let s(f) = 2*d(f) + 9*k(f). Calculate s(-2).
-11
Let t(z) = -z**3 + 11*z**2 - 10*z - 2. Let a be t(10). Let l(p) = 4*p + 3. What is l(a)?
-5
Let c(b) = 2*b**2 + 2*b - 2. Let k(n) be the third derivative of n**5/20 + n**4/8 - n**3/2 + 2*n**2. Let o(s) = 7*c(s) - 5*k(s). Suppose -5*i = -3*i. Give o(i).
1
Let j be 2/(-8) + 7/(-4). Let b(x) = x - 1. Let v(s) = 3. Let i = 16 + -17. Let n(a) = i*v(a) + j*b(a). What is n(-4)?
7
Let c(d) = -8 + d + 5 - 6 + d. Calculate c(8).
7
Suppose 4*j + 2 = 6*j. Let t = j + -3. Let c(k) be the first derivative of -k**4/4 - 2*k**3/3 - k**2/2 + 2*k - 5. Give c(t).
4
Suppose 7*j = 4*j. Let x = 3 + j. Suppose m + x = 8. Let b(i) = i**2 - 4*i + 1. What is b(m)?
6
Let y(p) = -p**3 + p**2 - p + 3. Suppose -2*k + 3 - 3 = 0. Calculate y(k).
3
Let z = 3 - 0. Let r be 15/(-10)*(-8)/z. Let g(v) = -11*v - 11. Let i(k) = 5*k + 5. Let o(w) = 4*g(w) + 9*i(w). What is o(r)?
5
Let y(w) = w**3 + 3*w**2 - 2*w - 2. Let p = 2 - 1. Suppose 2*x = 2*f + 22 - 4, -f = x + p. Suppose x*a - 7 = -23. Calculate y(a).
-10
Let u = -4 - -8. Let i(p) = -p**3 - 2*p + 2*p**2 - 3*p**2 + 1 - u*p**2 + p**2. Let j(q) = -3*q - 1. Let w be j(1). Give i(w).
9
Let m(w) be the third derivative of -7*w**4/24 + w**3/3 + 23*w**2. Determine m(2).
-12
Let c(x) = -x - 8. Let w(o) = 2*o + 16. Let f(d) = -5*c(d) - 2*w(d). Let t be (1 - 2)/((-2)/16). Let h = t + -8. What is f(h)?
8
Let p(l) = -1. Let x(o) = o**3 - 5*o**2 - 4. Let h(n) = -2*p(n) - x(n). Let g = -11 + 16. What is h(g)?
6
Suppose 0*g + p + 11 = 2*g, -4*g + 3*p = -21. Let s(x) = x + 2. Calculate s(g).
8
Let n(o) be the first derivative of o**5/20 - o**4/24 + 2*o**3/3 + 5. Let g(m) be the third derivative of n(m). Calculate g(-1).
-7
Let j(z) = -z + 5. Let y be (-1 - -1)/(11 - 9). Let i be (-148)/(-6) - 2/(-6). Suppose y = -k - t + 2 + 3, 0 = 5*k - 2*t - i. Give j(k).
0
Suppose 2*w + 0*w = 6. Let g(q) = -q**3 - q**2 - q + 6. Let k be g(0). Let p(x) = k*x**3 + 4*x**2 + 3 - 1 - 3*x**3 - 2*x - 4*x**3. Give p(w).
5
Let c(t) = t**2 - t. Let n(z) = -z**3 + 3*z**2 + 12*z + 6. Let p(l) = 4*c(l) + n(l). Calculate p(8).
6
Let j be 4/3*(-3)/(-2). Let v(h) = 2 - h - j. Suppose 9 = -3*p - 0. What is v(p)?
3
Let v(u) = -u**3 + 0*u**3 + 2*u + 1 - 4 - 3*u**2. Suppose 0 = 5*i + 4 + 16. What is v(i)?
5
Let w(v) = -8 + 5*v**3 + 2*v**2 + 10 - 3*v**3 - v. Determine w(-2).
-4
Let x = -8 + 10. Let w(m) = -11*m**2 - 4*m - 7. Let d(y) = 5*y**2 + 2*y + 3. Let v(k) = x*w(k) + 5*d(k). Determine v(-2).
9
Let x(m) = 4*m**3 - m**2 - 4*m + 4. Let a(s) = -5*s**3 + s**2 + 5*s - 5. Let r(y) = -3*a(y) - 4*x(y). Determine r(2).
-3
Let a(l) = -3*l**3 + 4*l**2 - l - 3. Let j(x) = 20*x**2 - 17*x**3 - 12 - 4 + x**3 - 5*x. Suppose 0 = 4*k - 45 + 1. Let d(q) = k*a(q) - 2*j(q). What is d(3)?
5
Let n(f) = -f**2 - 6*f - 1 + 9*f + 4*f. Let c(v) = -v**3 + 8*v**2 - 6*v - 1. Let a be c(7). Give n(a).
5
Let n(t) = t**3 - 4*t**2 + 2*t - 1. Suppose -4*o + 3*m = -3, 2*m = -o + 5*o - 6. Let u(y) = -y**3 + 4*y**2 - 2*y. Let i(c) = o*u(c) + 2*n(c). Calculate i(2).
2
Let l(b) = -b + 5. Let c be l(6). Let r be (0 - c) + -2 + 3. Let x(f) = -f**2 - 2*f - 1. Give x(r).
-9
Let j(d) be the third derivative of -1/60*d**5 - 1/8*d**4 + 0*d + 0 + 1/2*d**3 + 5*d**2. Give j(-4).
-1
Let z(y) = y**2 - 4*y. Suppose 0 = -2*w + 5*w + 6. Let u be ((-3)/1)/((-3)/(-4)). Let r = w - u. Determine z(r).
-4
Let t(b) be the third derivative of 4*b**2 - 11/360*b**6 - 1/24*b**4 - 1/60*b**5 + 1/3*b**3 + 0*b + 0. Let g(o) be the first derivative of t(o). What is g(-1)?
-10
Let c(m) = -m**3 + 5*m**2 - 4*m + 6. Let u be c(4). Let t be 2 - ((0 - 2) + 1). Let r(k) = -3*k + 4*k**2 + 2*k**3 - 4*k**3 + k**t + u. What is r(4)?
-6
Suppose 7*f - 2*f + 15 = 0. Suppose 6 = -3*n, -n - 1 = k + n. Let m(h) = h + k - 5 + 0*h. Give m(f).
-5
Suppose 3*w - 9 = f, -5*f - 20 + 47 = 3*w. Let v(k) = k**3 - k**2 - k - 1. Give v(f).
14
Let v(a) = 4*a**3 - 6*a - 8*a**2 + a**3 - 6*a**3. Calculate v(-7).
-7
Let w(k) = -2*k**2 + 1 + k**2 + k + 2*k. Let c be w(2). Let d(p) = 2 + 4*p**c + 3*p + p**2 - 4*p - 1 - p. What is d(1)?
4
Let z(a) = a + 6. Let p(v) = 2*v**2 - 2. Let q be p(2). Let c = -3 + q. Suppose -c*f = f. What is z(f)?
6
Let a(w) = -w**3 - 22*w**2 - 21*w - 2. Let v be a(-21). Let p(s) = -4*s - 3. Determine p(v).
5
Suppose 7 = -3*s + 2*v, 5*s + 4 = 3*s + 2*v. Let z(a) = -5*a**3 + 5*a**2 - 4. Let r(g) = 4*g**3 - 5*g**2 + 4. Let b(q) = 6*r(q) + 5*z(q). What is b(s)?
-14
Let m(d) = 0 - 6*d - 6*d**2 - 1 + d**3 - 2*d**3. Suppose 4*w - 4 = 0, z - 2 = -5*w + 6. Suppose 30 = -4*c + 2*r, c - 3*r = z*c - 5. Calculate m(c).
4
Let o(u) = -u**2 - 3*u - 1. Let b be o(-2). Let l = b - 2. Let c(t) = 6*t - 2*t - 3*t. Determine c(l).
-1
Let r = -6 - -6. Suppose 0*y - y = r. Let k(d) = y*d - 4 + 0 + 2*d. What is k(4)?
4
Let m(g) = 2*g**3 - 5*g**2 + 3*g - 6. Let o(t) = -5*t**3 + 11*t**2 - 6*t + 13. Let x(h) = 7*m(h) + 3*o(h). Calculate x(-3).
-3
Let u be (-8)/28 - (-37)/7. Let p(d) = -2*d**2 + 2*d**2 + 6 - d**2 + 0*d**2 + 4*d. Give p(u).
1
Let v(q) = 7*q**2 + 6*q - 8. Let z(y) = -11*y**2 - 9*y + 12. Let b be (-42)/9 + 1/(-3). Let o(c) = b*z(c) - 8*v(c). Let u be -2 + (-1 - (3 - 3))